late the remainder when 19 is divided by t.
5
Let d = -279 + 490. Let t = d + -149. Calculate the remainder when t is divided by 13.
10
Let c = 0 - -1. What is the remainder when c + -2 - (-11 - 1) is divided by (-4 - -2)/(120/(-36) + 3)?
5
Suppose -23 = -4*a + 33. Suppose 5*q = 39 + 56. Let j = q + 64. What is the remainder when j is divided by a?
13
Let f = -58 - -130. Calculate the remainder when f is divided by 18.
0
Suppose 85 = 13*w + 7. What is the remainder when 23 is divided by w?
5
What is the remainder when 30 is divided by 19/(-76) + 66/8?
6
Let m(w) = -2*w + 24. Calculate the remainder when 39 is divided by m(7).
9
Suppose -43 = 4*h - 7*h - 4*s, -15 = -3*h + 3*s. What is the remainder when h is divided by 6?
3
Let v(d) = 22*d + 150. Calculate the remainder when 241 is divided by v(-4).
55
Let u(n) = -n**3 + 2*n - 4. What is the remainder when u(-4) is divided by ((-11)/(-2))/(5/10)?
8
What is the remainder when 18*1/12*542 is divided by 16?
13
Let c = -124 + 262. Suppose c = 4*v - 78. Calculate the remainder when v is divided by 14.
12
Suppose -28*c + 247 = -341. What is the remainder when 166 is divided by c?
19
Let n = -48 - -48. Let k = 9 + -5. Calculate the remainder when k is divided by 3 - ((-1)/(-1) - n).
0
Suppose -2*n + 19 = -55. Let s(o) = o**2 - 24*o + 118. Calculate the remainder when n is divided by s(6).
7
Suppose -3*y = 3*g - y - 244, -g - y = -82. Let l(k) = k**3 - 35*k**2 + 64*k + 94. Calculate the remainder when g is divided by l(33).
24
Let p = -65 - -74. Let a(f) = 6*f - 40. Suppose -260 = -10*i + 5*i. What is the remainder when i is divided by a(p)?
10
Let o = 77 + -73. What is the remainder when 182 is divided by o?
2
Let m = 103 + -96. Calculate the remainder when 1/((-64)/22 + 3) is divided by m.
4
Suppose 0*y = -2*y + 38. What is the remainder when 26 is divided by y?
7
Let n = 143 + -150. Let f(d) = d**2 + 7*d + 11. What is the remainder when f(n) is divided by 10?
1
Suppose 0 = c - 1, -3*c + 60 = 2*o - o. Let h(l) = -39*l. Let j be h(1). Let b = j + o. What is the remainder when b is divided by 10?
8
Let f = 88 + -81. Suppose -16*o + 324 = -f*o. Calculate the remainder when 135 is divided by o.
27
Let j = -24 - -34. Let n be 130/j*(-3 + 1). Calculate the remainder when (-136)/(-6) - n/(-39) is divided by 12.
10
Suppose 6*t + 96 = 7*t. Suppose 3*q - t = -4*s, 5*s + 9 - 24 = 0. Calculate the remainder when q is divided by 16.
12
Let u(y) = 104*y**3 - 3*y**2 + y + 1. What is the remainder when u(1) is divided by 44?
15
Let g = 1682 + -1626. What is the remainder when 334 is divided by g?
54
Let a = 153 - 87. Suppose 4*d - 95 = -m + 4*m, -a = -3*d + 4*m. Let c = -19 - -33. Calculate the remainder when d is divided by c.
12
Let r(y) be the second derivative of y**4/12 - 2*y**3/3 + 3*y**2/2 - 17*y. Calculate the remainder when 3 is divided by r(0).
0
Calculate the remainder when ((-291)/4)/(18/12)*-4 is divided by 3.
2
Let o = 1304 - 1297. What is the remainder when 19 is divided by o?
5
Let n(t) = 2*t**3 + 3*t**2 - 13*t + 7. What is the remainder when n(2) is divided by 2?
1
Calculate the remainder when ((-12)/(-5))/(69/2990) is divided by 25.
4
Suppose -407 = -10*a - 57. Calculate the remainder when a is divided by 7.
0
Let o(g) = g. Let c(l) = -2*l**2 + 5*l - 13. Let r(f) = -c(f) - 5*o(f). Calculate the remainder when 23 is divided by r(5).
10
Suppose 0 = -4*b - 36 + 32, 3*q + 3*b = 747. Calculate the remainder when q is divided by 28.
26
Suppose -2*s - 9 = 3*d - 76, -2*s - 5*d + 73 = 0. Let w(n) = 10*n + 1. Let m be w(4). Let r = m - s. Calculate the remainder when 21 is divided by r.
9
Suppose 4*s - 225 = 11. Suppose 5*t - s = 101. Let q = -80 - -142. Calculate the remainder when q is divided by t.
30
Let r = 892 + -885. Let g(f) = f**3 + 3*f**2 + 5*f + 6. Let z be g(-4). Let b = z - -48. What is the remainder when b is divided by r?
4
Suppose 4*z = 7*z - 249. Let i(d) be the third derivative of -d**6/60 + d**5/60 + d**3/6 + 2*d**2. Calculate the remainder when z is divided by i(-2).
20
Let z = 398 + -293. What is the remainder when z is divided by 16?
9
Let y = 323 - 312. Calculate the remainder when 51 is divided by y.
7
Let j = 1395 + -1050. What is the remainder when j is divided by 114?
3
Let w be (5/4*-26)/(20/80). Let y = -119 - w. Calculate the remainder when 87 is divided by y.
10
Suppose 2*v - 29 = 5. Let f = -7 - -14. Calculate the remainder when v is divided by f.
3
Let x be 22/55 + (-6)/(-10). Let v(c) = 91*c**2 - 2*c + 1. Calculate the remainder when v(x) is divided by (-2)/(-10) - 154/(-5).
28
Suppose 0*u - 3*j - 2 = -u, 0 = -3*u - 4*j + 19. What is the remainder when (-56)/(-6)*3/2 is divided by u?
4
Let h = 27 - 7. Let y = -8228 - -8240. Calculate the remainder when h is divided by y.
8
Let h = -34 + 81. Suppose 4*t = -3*c + 44, 3*c - h + 19 = -2*t. Let w = 21 - 7. Calculate the remainder when w is divided by t.
6
Suppose -2*d + 66 = -158. Let l = 332 + -303. Calculate the remainder when d is divided by l.
25
Let j(a) = -54*a + 125. Suppose 2*n = -0 + 4. What is the remainder when j(2) is divided by (2 - 0)*1 + n?
1
Let i(w) = -8*w. Let m be i(3). Let y be ((-11)/22)/(2/m). What is the remainder when (y/(-15))/((-1)/45) is divided by 10?
8
Suppose -5*d = -5*m - 410, 0 = 3*m - 1 - 14. What is the remainder when d is divided by 18?
15
Let s = 45 + -78. Let i be s/(-22)*2/(-3). Calculate the remainder when 33 is divided by (i + (1 - -1))*12.
9
Let w = -18 - -24. Suppose -w = 7*z - 10*z. Suppose 0*y - 54 = -z*y. Calculate the remainder when 80 is divided by y.
26
Suppose 0 = 3*p + 3*r - 108, -5*p + 23*r + 188 = 20*r. Calculate the remainder when 295 is divided by p.
36
Suppose 0 = 4*i - 3*p + 48 - 97, 43 = 3*i + 4*p. What is the remainder when 267 is divided by i?
7
Suppose 4*l + 4883 = 6239. What is the remainder when l is divided by 86?
81
Let k = 78 + -73. What is the remainder when 7 is divided by k?
2
Let c be (-18)/(-4)*10/(-15). Let b be (-11)/c + (-6)/9. Suppose -k + 448 = b*h + k, 2*h = -k + 297. Calculate the remainder when h is divided by 37.
35
Let m(n) = 10*n + 12. Let x(r) = 0*r + 25 + 17*r + 0*r + 2*r. Let g(l) = 5*m(l) - 3*x(l). What is the remainder when g(-4) is divided by 8?
5
Suppose -78*h = -79*h + 86. What is the remainder when h is divided by 23?
17
Suppose 3*x - a + 97 = 17, 5*a - 25 = 0. Let u = x + 27. Calculate the remainder when 3 is divided by u.
1
Suppose 3*l = 5*o + 2*l + 17, 5*l - 19 = 3*o. What is the remainder when (1 + 6)*(o - 3*-5) is divided by 17?
16
Suppose -5*j + 5*d + 10 + 0 = 0, j - 2*d - 2 = 0. Suppose -j*b = -6*b + 100. Let t = b + -17. What is the remainder when 23 is divided by t?
7
Suppose i = 4*t - 7*t + 204, -t - 373 = -2*i. What is the remainder when i is divided by 24?
21
Suppose 3*j - 4*v = 265, 5*j + 4*v = 2*v + 407. Let y = -4 - -4. Suppose d - 3*o = j, d - o - 87 = -y*o. What is the remainder when d is divided by 30?
29
Let l = -133 + 250. What is the remainder when l is divided by 31?
24
Let n(c) = -10*c + 67. Let d be n(8). Suppose -6*y + 5*y - 2 = 0. Calculate the remainder when 1152/52 - y/d is divided by 6.
4
Suppose -2*r + 6 = 2. Suppose 3*s - 14 = -r*s - a, -2*s + 4*a = -10. Let b(y) = -y**2 + 8*y - 2. What is the remainder when 36 is divided by b(s)?
10
Let c = -16 + 26. Let s = c + 34. Suppose 4*u = -0*u + s. What is the remainder when 32 is divided by u?
10
Suppose -h = -6*h - 2*z + 208, 2*z + 44 = h. Calculate the remainder when 121 is divided by h.
37
Suppose 4*h - 15 = -h + 3*v, -2*v - 10 = 3*h. Suppose -c + 4*c + 3 = h, -c - 25 = -4*f. What is the remainder when f is divided by 4?
2
Let y(w) = w**3 + 10*w**2 - 5*w + 4. Let n be y(-11). Calculate the remainder when 60 is divided by (-3)/(-9) - n/3.
18
Let d be (-4)/5 - 32/(-40). Suppose 5*q - 4*h - 74 = -0*h, 3*q - h - 43 = d. What is the remainder when 41 is divided by q?
13
Calculate the remainder when (-598)/130 + 2/(-5) - -138 is divided by 34.
31
Calculate the remainder when (-93*(-6)/12 - 7)*2 is divided by 58.
21
Suppose 3*b + 1188 = 5*i - 351, 5*i - 1518 = -4*b. What is the remainder when i is divided by 20?
6
Let k(x) = 3*x**2 - x - 2. Let n be k(-2). Suppose 27*l = 26*l + n. What is the remainder when l is divided by 5?
2
Suppose -5*p - 27 = -2*t, -4*t - 1 + 25